8)/6*(-3)/2. Suppose 2*w + 3*d = n*w + 29, -2*d = -5*w - 31. Is z(w) a composite number?
False
Suppose -5*u + 28 = -0*u + 2*c, -u + c = -7. Suppose -u*x + 10 = -x. Suppose x*j - 245 = -63. Is j a composite number?
True
Suppose 4*w - 273 = -5*b, w - 23 - 24 = 3*b. Suppose 5*x - 133 = -2*v, -4*x = 2*v - 68 - w. Is v a prime number?
True
Let i be (-29)/(3/6*-1). Suppose -3*w + 3*t = -105, 5*w - 103 - i = -2*t. Is w prime?
False
Let g be (16/6)/((-6)/(-135)). Suppose -9*w + 5*w + g = 0. Is w composite?
True
Let o be 37*(-3)/9*-9. Let g = o + 100. Is g composite?
False
Let x(c) = 21*c**2 + c - 10. Let u(y) = -11*y**2 + 5. Let f(s) = 5*u(s) + 3*x(s). Let n be f(4). Is n/2 - 3/6 a prime number?
True
Let h(x) = x - 4. Let r be h(6). Let b be 2 + -2 - 0 - 0. Suppose b = a + r, -5*u - 3*a = -5*a - 19. Is u a prime number?
True
Suppose -2*i = -5*j + 23, 6 + 2 = -2*i. Let o = 6 - j. Let k(y) = 3*y**3 - y**2 + y + 4. Is k(o) a composite number?
False
Let p = -242 - -565. Is p a composite number?
True
Let d = 0 + 0. Suppose -4*m + 1080 - 236 = d. Is m a prime number?
True
Let f be (-1)/(3/63*-1). Let o = 106 - f. Let n = 126 + o. Is n prime?
True
Let n be 1/2 - 15/(-10). Suppose -n = -5*l + 8. Is 1/l + 34/4 prime?
False
Let g = 17 + -12. Suppose g*h - 4 = 2*w + 57, 3*h = 5*w + 29. Let t = -7 + h. Is t a prime number?
False
Let d(k) = 4*k - 6. Let p be d(4). Let v = 15 + -12. Let s = p + v. Is s a composite number?
False
Let d be 0 + (-1 - -2)*2. Suppose 2 = -3*o + 2*n, 0 = -o + d*n - 2 - 0. Suppose o*a - 3*q + 125 = 5*a, -3*q = 4*a - 100. Is a prime?
False
Let s(u) be the third derivative of 0*u + 0 - 3*u**2 - 79/24*u**4 + 0*u**3. Is s(-1) composite?
False
Let n be (-2)/(-6) + 16/(-3). Let x(q) = 7*q**3 + 5*q**2 - 6*q - 10. Let u(s) = -10*s**3 - 8*s**2 + 9*s + 15. Let p(a) = n*u(a) - 7*x(a). Is p(4) composite?
False
Suppose -331 = -p + 2*j, 0 = 5*p + 3*j - 5*j - 1647. Is p a prime number?
False
Suppose 3*w + 13 - 4 = 3*p, 4*p + 4*w - 28 = 0. Suppose -3*m = -a - 8, 0*a + 36 = p*m + 4*a. Suppose 2*z + m*f = -3*z + 195, 2*z = -f + 75. Is z a prime number?
False
Is (2 + 8)*17/2 composite?
True
Let l be ((-4)/6)/((-4)/18). Suppose -4*u - 142 = -2*k, -5*k + 147 + 216 = -2*u. Suppose -j - v + 149 = l*j, -k = -2*j + v. Is j a composite number?
False
Let o(v) = -5 - 3*v**2 - 5*v - 3 + 3*v**2 + 5*v**2. Is o(6) a prime number?
False
Let q(m) = -m**2 - m + 2. Let o be q(-2). Suppose -116 = -o*h - 5*h - 3*l, -4*h + 78 = -5*l. Is h a composite number?
True
Let b(w) = -w**3 + 4*w**2 - 2*w - 2. Let k be b(2). Let j(o) = -2 + k*o**2 + o**2 + 9*o - 3. Is j(-7) a composite number?
False
Let s be 0/(-7) + (-8 - -1). Let n(y) = y**2 + 11*y + 3. Let l be n(s). Let h = l + 102. Is h a composite number?
True
Let r(v) = -v**3 - 23*v**2 - 26*v - 41. Is r(-23) a composite number?
False
Suppose -16*x + 13*x = -174. Is x prime?
False
Let j(n) = 97*n**2 + 4*n - 8. Is j(5) composite?
False
Let n(y) = 22*y + 1. Let s = 3 + -3. Let p be s + 6/(2/1). Is n(p) a composite number?
False
Let p = -8 - -10. Let t = 0 + p. Suppose -65 = -3*q - t*q. Is q a composite number?
False
Suppose -4 = 2*a, -2 = 3*n - n + a. Suppose n = -4*l + 8*l - 152. Is l prime?
False
Let o(p) = -p**2 + 6*p + 5. Let q be o(6). Let n = -2 + q. Suppose -76 = -n*l + 23. Is l a composite number?
True
Let f be 40/(-6)*18/(-15). Let p(n) = n**3 - 8*n**2 + 3*n - 9. Is p(f) composite?
True
Is (2 - (-15)/5) + 1238 a composite number?
True
Suppose -2*k = 3*h - 269, 0*k + 3*h - 553 = -4*k. Is k composite?
True
Let x = 99 + 92. Is x a composite number?
False
Let s(h) = -h**3 + 6*h**2 + 6*h - 8. Let c be s(7). Let o be 9/c - 2/5. Is (2 + -31 + -2)*o a composite number?
False
Let g(h) = 2*h - 6. Let x be g(5). Suppose -3*k = 4*r + 2*k - 2008, x*k - 2501 = -5*r. Is r prime?
False
Let j = 102 + -60. Suppose 0 = -5*a - 5*p + 30, -2*p + 10 + 10 = 4*a. Suppose -j = i - a*i. Is i a prime number?
False
Let g(h) = 25*h**3 - 5*h + 7. Is g(3) a prime number?
False
Is 6 - 91/(-2) - (-3)/2 a composite number?
False
Let i = -169 - -952. Suppose 2*k = -3*f + 90 + i, 5*f - 1468 = k. Is f prime?
True
Let h(n) be the first derivative of -11*n + 3 - 3/2*n**2. Is h(-10) a composite number?
False
Let a(f) = 69*f**2 - 2*f - 6. Is a(-2) a composite number?
True
Let s be (-2 - -4)*1182/12. Let l = 388 - s. Is l composite?
False
Let y(v) = v**3 + 9*v**2 + 9*v + 11. Let j be y(-8). Suppose j*h - 12 = 9. Suppose h*a - 185 = 2*a. Is a a composite number?
False
Suppose -3*y - 66 = -4*u, 11 = 2*u + 2*y - 29. Suppose -3*r = -0*s + s - 17, -u = s - 4*r. Suppose s*g + 1289 = 5*t, -t - 4*g = -0*t - 271. Is t prime?
False
Let y(h) = 47*h**3 + 2*h**2 + 1. Let w be y(2). Let j = 655 - w. Suppose t - 4*z - 78 = -t, 5*z - j = -5*t. Is t composite?
True
Let n = 114 - 77. Is n a prime number?
True
Let w(m) = 8*m**2 + 5*m + 13. Is w(6) prime?
True
Suppose -q - 4*q = -100. Suppose -4*k = -0*k - q. Suppose 0*z - 5*c + 415 = k*z, 2 = -c. Is z a prime number?
False
Let d(m) = 16*m**2 + 16*m - 31. Is d(-10) a prime number?
True
Let v = 2382 - 1333. Is v a composite number?
False
Let m be (-2)/(-6) - 344/(-12). Suppose 0 = -4*d + 5*j + m + 129, 3*d - 2*j - 115 = 0. Is d a composite number?
False
Let r(u) = 9*u - 7. Let s(o) = -o**2 - 14*o - 16. Let n be s(-12). Is r(n) composite?
True
Let b = 1277 - 490. Is b composite?
False
Let k(p) = p**2 + 146. Let b be (-6)/15 - 12/(-5). Let i = b + -2. Is k(i) a composite number?
True
Let o(v) = 5*v**2 + 16*v + 4. Let b(h) = -5*h**2 - 15*h - 5. Let k(d) = -7*b(d) - 6*o(d). Is k(-5) a prime number?
False
Suppose 0*v - 11 = -4*v + c, 1 = 5*v + 3*c. Suppose 20 = 4*t - v*t. Is ((-25)/(-10))/(1/t) prime?
False
Suppose -5*d = -5*k - 15, 2*d + k - 5 = -d. Suppose -2*v - d*m = -110, 0*v + 3*m = 4*v - 192. Is v a composite number?
True
Let z(y) = 12*y**3. Let b be z(1). Let r = 0 + -1. Is (r + b)*(7 - 4) a composite number?
True
Suppose d - 396 = 2*s, -d + 3*s = -4*d + 1233. Let l = -279 + d. Is l prime?
True
Let o(q) = 10*q - 1. Suppose 3*p + l = 2*l + 40, p - 5*l = 18. Suppose n - 4*w - p = 0, -n + 5 = 4*w + 16. Is o(n) a composite number?
True
Suppose 2*h - 5*h + 2*a = -69, 0 = -2*a. Is h a composite number?
False
Is (-1)/4 + 16770/40 a prime number?
True
Let j be (-2)/3 - (-16)/6. Suppose -h - 15 + 1 = -3*l, 5*l - j*h = 24. Is (1 - 11/l)*-28 a prime number?
False
Suppose -5*y = 2*r - 8, -49 = -5*r - y + 3*y. Is 2/(-6) + 5016/r a composite number?
False
Is (-3 + 4)/((-3)/(-1605)) a prime number?
False
Suppose 4*w - 433 = -3*k, w = -0*w - 3*k + 115. Is w a composite number?
True
Let y = -10 + 16. Suppose s = 5*a - 10, -2*s + 3*a = s + 6. Suppose 5*r - 4 - y = s. Is r a prime number?
True
Let v(l) = -l**3 - 11*l**2 - 5*l + 10. Let d be v(-10). Let n = d - -74. Is n composite?
True
Is (-4)/(-20) - 1578/(-10) a composite number?
True
Let j = 1680 - 671. Is j a prime number?
True
Suppose 6*j - 3176 = -2*j. Is j a composite number?
False
Let s = -5 - -12. Let n be (20/14)/(1/s). Let m = 16 - n. Is m a composite number?
True
Let k(f) = -457*f. Is k(-1) a prime number?
True
Suppose 9 = -4*a + k, 0 = 5*a + k - 2*k + 10. Let i be (-1 + 4)/(a/(-109)). Suppose 0 = -3*x - 3*b + i, 2*x + 92 = 2*b + 326. Is x a composite number?
False
Is 1250/15 + (-2)/6 prime?
True
Suppose -102 = -2*d + 4*u, -u + 2 = 3. Is d prime?
False
Suppose 4*z = 1589 + 1343. Is z a composite number?
False
Suppose -4*i = -5*i + 1146. Is (i/(-4))/(7/(-14)) a prime number?
False
Suppose b + 4*m - 749 = 0, 2*b + 3*m = -0*b + 1523. Is b a composite number?
False
Let o(r) = 33*r**2 - 3*r + 1. Is o(-3) a composite number?
False
Suppose a = -3*a - 8. Is 0 - a - (2 - 2) prime?
True
Suppose -q - 350 = -5*z + 65, -332 = -4*z - 4*q. Is z a prime number?
True
Let l(u) = 186*u**3 - u**2. Is l(1) composite?
True
Suppose 5*l = -4*g + 10 + 39, 24 = 3*l - 3*g. Let t(n) = l*n - 16*n - 5 - 17*n. Is t(-4) a composite number?
True
Let z(x) = -x**3 - 7*x**2 - 10*x - 15. Let a be z(-7). Let c be 14*(-2 - -2 - -19). Let g = c - a. Is g prime?
True
Suppose -5*z + 13 = -7. Suppose 0 = h + z*v - 3, 2*h - 8 + 2 = 3*v. Suppose -2*g = h*n - 173, 2*n - 3*g = -4*g + 114. Is n a prime number?
False
Suppose -m = 2*m. Suppose 5*k + m*n - 326 = -n, -4*k = n - 261. Is k a prime number?
False
Let s be (-2446)/4 - 3/6. Let